{"id":410,"date":"2022-07-13T19:53:43","date_gmt":"2022-07-14T00:53:43","guid":{"rendered":"https:\/\/sumatealbosque.universoaldetalle.com\/?page_id=410"},"modified":"2022-07-18T16:34:22","modified_gmt":"2022-07-18T21:34:22","slug":"voluntariado","status":"publish","type":"page","link":"https:\/\/sumatealbosque.com\/?page_id=410","title":{"rendered":"Voluntariado"},"content":{"rendered":"\t\t<div data-elementor-type=\"wp-page\" data-elementor-id=\"410\" class=\"elementor elementor-410\" data-elementor-post-type=\"page\">\n\t\t\t\t\t\t\t\t\t<section class=\"elementor-section elementor-top-section elementor-element elementor-element-wwq1dk8 elementor-section-stretched elementor-section-boxed elementor-section-height-default elementor-section-height-default\" data-id=\"wwq1dk8\" data-element_type=\"section\" data-settings=\"{&quot;background_background&quot;:&quot;classic&quot;,&quot;stretch_section&quot;:&quot;section-stretched&quot;}\">\n\t\t\t\t\t\t<div class=\"elementor-container elementor-column-gap-default\">\n\t\t\t\t\t<div class=\"elementor-column elementor-col-100 elementor-top-column elementor-element elementor-element-67dd6d7\" data-id=\"67dd6d7\" data-element_type=\"column\">\n\t\t\t<div class=\"elementor-widget-wrap elementor-element-populated\">\n\t\t\t\t\t\t\t\t<div class=\"elementor-element elementor-element-62ccdbb elementor-widget elementor-widget-heading\" data-id=\"62ccdbb\" data-element_type=\"widget\" data-widget_type=\"heading.default\">\n\t\t\t\t<div class=\"elementor-widget-container\">\n\t\t\t<style>\/*! elementor - v3.16.0 - 14-09-2023 *\/\n.elementor-heading-title{padding:0;margin:0;line-height:1}.elementor-widget-heading .elementor-heading-title[class*=elementor-size-]>a{color:inherit;font-size:inherit;line-height:inherit}.elementor-widget-heading .elementor-heading-title.elementor-size-small{font-size:15px}.elementor-widget-heading .elementor-heading-title.elementor-size-medium{font-size:19px}.elementor-widget-heading .elementor-heading-title.elementor-size-large{font-size:29px}.elementor-widget-heading .elementor-heading-title.elementor-size-xl{font-size:39px}.elementor-widget-heading .elementor-heading-title.elementor-size-xxl{font-size:59px}<\/style><h2 class=\"elementor-heading-title elementor-size-default\">Checkout My Latest Work<\/h2>\t\t<\/div>\n\t\t\t\t<\/div>\n\t\t\t\t<div class=\"elementor-element elementor-element-f5edfbe elementor-widget elementor-widget-text-editor\" data-id=\"f5edfbe\" data-element_type=\"widget\" data-widget_type=\"text-editor.default\">\n\t\t\t\t<div class=\"elementor-widget-container\">\n\t\t\t<style>\/*! elementor - v3.16.0 - 14-09-2023 *\/\n.elementor-widget-text-editor.elementor-drop-cap-view-stacked .elementor-drop-cap{background-color:#69727d;color:#fff}.elementor-widget-text-editor.elementor-drop-cap-view-framed .elementor-drop-cap{color:#69727d;border:3px solid;background-color:transparent}.elementor-widget-text-editor:not(.elementor-drop-cap-view-default) .elementor-drop-cap{margin-top:8px}.elementor-widget-text-editor:not(.elementor-drop-cap-view-default) .elementor-drop-cap-letter{width:1em;height:1em}.elementor-widget-text-editor .elementor-drop-cap{float:left;text-align:center;line-height:1;font-size:50px}.elementor-widget-text-editor .elementor-drop-cap-letter{display:inline-block}<\/style>\t\t\t\t<p style=\"text-align: left;\"><span style=\"font-weight: 400;\">El Voluntariado en S\u00famate al Bosque es una experiencia inolvidable que permite intercambiar conocimientos y desarrollar habilidades sociales y ambientales. El Festival ha consolidado un equipo de voluntarios que hacen posible la realizaci\u00f3n de cada de las actividades.<\/span><\/p><p><span style=\"font-weight: 400;\">\u00a1S\u00famate al bosque y s\u00e9 parque de nuestro equipo!<\/span><\/p><p><span style=\"font-weight: 400;\">Inscr\u00edbete<\/span><\/p>\t\t\t\t\t\t<\/div>\n\t\t\t\t<\/div>\n\t\t\t\t<div class=\"elementor-element elementor-element-f4e2acc elementor-widget__width-inherit elementor-widget-divider--view-line elementor-widget elementor-widget-divider\" data-id=\"f4e2acc\" data-element_type=\"widget\" data-widget_type=\"divider.default\">\n\t\t\t\t<div class=\"elementor-widget-container\">\n\t\t\t<style>\/*! elementor - v3.16.0 - 14-09-2023 *\/\n.elementor-widget-divider{--divider-border-style:none;--divider-border-width:1px;--divider-color:#0c0d0e;--divider-icon-size:20px;--divider-element-spacing:10px;--divider-pattern-height:24px;--divider-pattern-size:20px;--divider-pattern-url:none;--divider-pattern-repeat:repeat-x}.elementor-widget-divider .elementor-divider{display:flex}.elementor-widget-divider .elementor-divider__text{font-size:15px;line-height:1;max-width:95%}.elementor-widget-divider .elementor-divider__element{margin:0 var(--divider-element-spacing);flex-shrink:0}.elementor-widget-divider .elementor-icon{font-size:var(--divider-icon-size)}.elementor-widget-divider .elementor-divider-separator{display:flex;margin:0;direction:ltr}.elementor-widget-divider--view-line_icon .elementor-divider-separator,.elementor-widget-divider--view-line_text .elementor-divider-separator{align-items:center}.elementor-widget-divider--view-line_icon .elementor-divider-separator:after,.elementor-widget-divider--view-line_icon .elementor-divider-separator:before,.elementor-widget-divider--view-line_text .elementor-divider-separator:after,.elementor-widget-divider--view-line_text .elementor-divider-separator:before{display:block;content:\"\";border-bottom:0;flex-grow:1;border-top:var(--divider-border-width) var(--divider-border-style) var(--divider-color)}.elementor-widget-divider--element-align-left .elementor-divider .elementor-divider-separator>.elementor-divider__svg:first-of-type{flex-grow:0;flex-shrink:100}.elementor-widget-divider--element-align-left .elementor-divider-separator:before{content:none}.elementor-widget-divider--element-align-left .elementor-divider__element{margin-left:0}.elementor-widget-divider--element-align-right .elementor-divider .elementor-divider-separator>.elementor-divider__svg:last-of-type{flex-grow:0;flex-shrink:100}.elementor-widget-divider--element-align-right .elementor-divider-separator:after{content:none}.elementor-widget-divider--element-align-right .elementor-divider__element{margin-right:0}.elementor-widget-divider:not(.elementor-widget-divider--view-line_text):not(.elementor-widget-divider--view-line_icon) .elementor-divider-separator{border-top:var(--divider-border-width) var(--divider-border-style) var(--divider-color)}.elementor-widget-divider--separator-type-pattern{--divider-border-style:none}.elementor-widget-divider--separator-type-pattern.elementor-widget-divider--view-line .elementor-divider-separator,.elementor-widget-divider--separator-type-pattern:not(.elementor-widget-divider--view-line) .elementor-divider-separator:after,.elementor-widget-divider--separator-type-pattern:not(.elementor-widget-divider--view-line) .elementor-divider-separator:before,.elementor-widget-divider--separator-type-pattern:not([class*=elementor-widget-divider--view]) .elementor-divider-separator{width:100%;min-height:var(--divider-pattern-height);-webkit-mask-size:var(--divider-pattern-size) 100%;mask-size:var(--divider-pattern-size) 100%;-webkit-mask-repeat:var(--divider-pattern-repeat);mask-repeat:var(--divider-pattern-repeat);background-color:var(--divider-color);-webkit-mask-image:var(--divider-pattern-url);mask-image:var(--divider-pattern-url)}.elementor-widget-divider--no-spacing{--divider-pattern-size:auto}.elementor-widget-divider--bg-round{--divider-pattern-repeat:round}.rtl .elementor-widget-divider .elementor-divider__text{direction:rtl}.e-con-inner>.elementor-widget-divider,.e-con>.elementor-widget-divider{width:var(--container-widget-width,100%);--flex-grow:var(--container-widget-flex-grow)}<\/style>\t\t<div class=\"elementor-divider\">\n\t\t\t<span class=\"elementor-divider-separator\">\n\t\t\t\t\t\t<\/span>\n\t\t<\/div>\n\t\t\t\t<\/div>\n\t\t\t\t<\/div>\n\t\t\t\t<div class=\"elementor-element elementor-element-dd4e6db gallery-spacing-custom elementor-widget__width-initial elementor-widget elementor-widget-image-gallery\" data-id=\"dd4e6db\" data-element_type=\"widget\" data-widget_type=\"image-gallery.default\">\n\t\t\t\t<div class=\"elementor-widget-container\">\n\t\t\t<style>\/*! elementor - v3.16.0 - 14-09-2023 *\/\n.elementor-image-gallery .gallery-item{display:inline-block;text-align:center;vertical-align:top;width:100%;max-width:100%;margin:0 auto}.elementor-image-gallery .gallery-item img{margin:0 auto}.elementor-image-gallery .gallery-item .gallery-caption{margin:0}.elementor-image-gallery figure img{display:block}.elementor-image-gallery figure figcaption{width:100%}.gallery-spacing-custom .elementor-image-gallery .gallery-icon{padding:0}@media (min-width:768px){.elementor-image-gallery .gallery-columns-2 .gallery-item{max-width:50%}.elementor-image-gallery .gallery-columns-3 .gallery-item{max-width:33.33%}.elementor-image-gallery .gallery-columns-4 .gallery-item{max-width:25%}.elementor-image-gallery .gallery-columns-5 .gallery-item{max-width:20%}.elementor-image-gallery .gallery-columns-6 .gallery-item{max-width:16.666%}.elementor-image-gallery .gallery-columns-7 .gallery-item{max-width:14.28%}.elementor-image-gallery .gallery-columns-8 .gallery-item{max-width:12.5%}.elementor-image-gallery .gallery-columns-9 .gallery-item{max-width:11.11%}.elementor-image-gallery .gallery-columns-10 .gallery-item{max-width:10%}}@media (min-width:480px) and (max-width:767px){.elementor-image-gallery .gallery.gallery-columns-2 .gallery-item,.elementor-image-gallery .gallery.gallery-columns-3 .gallery-item,.elementor-image-gallery .gallery.gallery-columns-4 .gallery-item,.elementor-image-gallery .gallery.gallery-columns-5 .gallery-item,.elementor-image-gallery .gallery.gallery-columns-6 .gallery-item,.elementor-image-gallery .gallery.gallery-columns-7 .gallery-item,.elementor-image-gallery .gallery.gallery-columns-8 .gallery-item,.elementor-image-gallery .gallery.gallery-columns-9 .gallery-item,.elementor-image-gallery .gallery.gallery-columns-10 .gallery-item{max-width:50%}}@media (max-width:479px){.elementor-image-gallery .gallery.gallery-columns-2 .gallery-item,.elementor-image-gallery .gallery.gallery-columns-3 .gallery-item,.elementor-image-gallery .gallery.gallery-columns-4 .gallery-item,.elementor-image-gallery .gallery.gallery-columns-5 .gallery-item,.elementor-image-gallery .gallery.gallery-columns-6 .gallery-item,.elementor-image-gallery .gallery.gallery-columns-7 .gallery-item,.elementor-image-gallery .gallery.gallery-columns-8 .gallery-item,.elementor-image-gallery .gallery.gallery-columns-9 .gallery-item,.elementor-image-gallery .gallery.gallery-columns-10 .gallery-item{max-width:100%}}<\/style>\t\t<div class=\"elementor-image-gallery\">\n\t\t\t<div id='gallery-1' class='gallery galleryid-410 gallery-columns-3 gallery-size-full'><figure class='gallery-item'>\n\t\t\t<div class='gallery-icon landscape'>\n\t\t\t\t<a data-elementor-open-lightbox=\"yes\" data-elementor-lightbox-slideshow=\"dd4e6db\" data-elementor-lightbox-title=\"Actividades en el marco de ColomBIOdiversidad, Bogot\u00e1\" data-e-action-hash=\"#elementor-action%3Aaction%3Dlightbox%26settings%3DeyJpZCI6Njg0LCJ1cmwiOiJodHRwczpcL1wvc3VtYXRlYWxib3NxdWUuY29tXC93cC1jb250ZW50XC91cGxvYWRzXC8yMDIyXC8wN1wvdm9sdW50YXJpb3NfTWVzYS1kZS10cmFiYWpvLTEtY29waWEtMi5qcGciLCJzbGlkZXNob3ciOiJkZDRlNmRiIn0%3D\" href='https:\/\/sumatealbosque.com\/wp-content\/uploads\/2022\/07\/voluntarios_Mesa-de-trabajo-1-copia-2.jpg'><img loading=\"lazy\" decoding=\"async\" width=\"550\" height=\"550\" src=\"https:\/\/sumatealbosque.com\/wp-content\/uploads\/2022\/07\/voluntarios_Mesa-de-trabajo-1-copia-2.jpg\" class=\"attachment-full size-full\" alt=\"Voluntarios\" srcset=\"https:\/\/sumatealbosque.com\/wp-content\/uploads\/2022\/07\/voluntarios_Mesa-de-trabajo-1-copia-2.jpg 550w, https:\/\/sumatealbosque.com\/wp-content\/uploads\/2022\/07\/voluntarios_Mesa-de-trabajo-1-copia-2-300x300.jpg 300w, https:\/\/sumatealbosque.com\/wp-content\/uploads\/2022\/07\/voluntarios_Mesa-de-trabajo-1-copia-2-150x150.jpg 150w\" sizes=\"auto, (max-width: 550px) 100vw, 550px\" \/><\/a>\n\t\t\t<\/div><\/figure><figure class='gallery-item'>\n\t\t\t<div class='gallery-icon landscape'>\n\t\t\t\t<a data-elementor-open-lightbox=\"yes\" data-elementor-lightbox-slideshow=\"dd4e6db\" data-elementor-lightbox-title=\"Voluntarios en Festival S\u00famate al Bosque, Cali 2022\" data-e-action-hash=\"#elementor-action%3Aaction%3Dlightbox%26settings%3DeyJpZCI6OTg3LCJ1cmwiOiJodHRwczpcL1wvc3VtYXRlYWxib3NxdWUuY29tXC93cC1jb250ZW50XC91cGxvYWRzXC8yMDIyXC8wN1wvdm9sdW50YXJpb3NfMl9NZXNhLWRlLXRyYWJham8tMS5qcGciLCJzbGlkZXNob3ciOiJkZDRlNmRiIn0%3D\" href='https:\/\/sumatealbosque.com\/wp-content\/uploads\/2022\/07\/voluntarios_2_Mesa-de-trabajo-1.jpg'><img loading=\"lazy\" decoding=\"async\" width=\"550\" height=\"550\" src=\"https:\/\/sumatealbosque.com\/wp-content\/uploads\/2022\/07\/voluntarios_2_Mesa-de-trabajo-1.jpg\" class=\"attachment-full size-full\" alt=\"Voluntarios\" srcset=\"https:\/\/sumatealbosque.com\/wp-content\/uploads\/2022\/07\/voluntarios_2_Mesa-de-trabajo-1.jpg 550w, https:\/\/sumatealbosque.com\/wp-content\/uploads\/2022\/07\/voluntarios_2_Mesa-de-trabajo-1-300x300.jpg 300w, https:\/\/sumatealbosque.com\/wp-content\/uploads\/2022\/07\/voluntarios_2_Mesa-de-trabajo-1-150x150.jpg 150w\" sizes=\"auto, (max-width: 550px) 100vw, 550px\" \/><\/a>\n\t\t\t<\/div><\/figure><figure class='gallery-item'>\n\t\t\t<div class='gallery-icon landscape'>\n\t\t\t\t<a data-elementor-open-lightbox=\"yes\" data-elementor-lightbox-slideshow=\"dd4e6db\" data-elementor-lightbox-title=\"Actividades l\u00fadicas en la Plazuela San Ignacio, Medell\u00edn 2022\" data-e-action-hash=\"#elementor-action%3Aaction%3Dlightbox%26settings%3DeyJpZCI6OTg4LCJ1cmwiOiJodHRwczpcL1wvc3VtYXRlYWxib3NxdWUuY29tXC93cC1jb250ZW50XC91cGxvYWRzXC8yMDIyXC8wN1wvdm9sdW50YXJpb3NfMl9NZXNhLWRlLXRyYWJham8tMS1jb3BpYS5qcGciLCJzbGlkZXNob3ciOiJkZDRlNmRiIn0%3D\" href='https:\/\/sumatealbosque.com\/wp-content\/uploads\/2022\/07\/voluntarios_2_Mesa-de-trabajo-1-copia.jpg'><img loading=\"lazy\" decoding=\"async\" width=\"550\" height=\"550\" src=\"https:\/\/sumatealbosque.com\/wp-content\/uploads\/2022\/07\/voluntarios_2_Mesa-de-trabajo-1-copia.jpg\" class=\"attachment-full size-full\" alt=\"Voluntarios\" srcset=\"https:\/\/sumatealbosque.com\/wp-content\/uploads\/2022\/07\/voluntarios_2_Mesa-de-trabajo-1-copia.jpg 550w, https:\/\/sumatealbosque.com\/wp-content\/uploads\/2022\/07\/voluntarios_2_Mesa-de-trabajo-1-copia-300x300.jpg 300w, https:\/\/sumatealbosque.com\/wp-content\/uploads\/2022\/07\/voluntarios_2_Mesa-de-trabajo-1-copia-150x150.jpg 150w\" sizes=\"auto, (max-width: 550px) 100vw, 550px\" \/><\/a>\n\t\t\t<\/div><\/figure><figure class='gallery-item'>\n\t\t\t<div class='gallery-icon landscape'>\n\t\t\t\t<a data-elementor-open-lightbox=\"yes\" data-elementor-lightbox-slideshow=\"dd4e6db\" data-elementor-lightbox-title=\"Activaci\u00f3n en el Parque El Poblado, Medell\u00edn\" data-e-action-hash=\"#elementor-action%3Aaction%3Dlightbox%26settings%3DeyJpZCI6Njg1LCJ1cmwiOiJodHRwczpcL1wvc3VtYXRlYWxib3NxdWUuY29tXC93cC1jb250ZW50XC91cGxvYWRzXC8yMDIyXC8wN1wvdm9sdW50YXJpb3NfTWVzYS1kZS10cmFiYWpvLTEtY29waWEtMy5qcGciLCJzbGlkZXNob3ciOiJkZDRlNmRiIn0%3D\" href='https:\/\/sumatealbosque.com\/wp-content\/uploads\/2022\/07\/voluntarios_Mesa-de-trabajo-1-copia-3.jpg'><img loading=\"lazy\" decoding=\"async\" width=\"550\" height=\"550\" src=\"https:\/\/sumatealbosque.com\/wp-content\/uploads\/2022\/07\/voluntarios_Mesa-de-trabajo-1-copia-3.jpg\" class=\"attachment-full size-full\" alt=\"Voluntarios\" srcset=\"https:\/\/sumatealbosque.com\/wp-content\/uploads\/2022\/07\/voluntarios_Mesa-de-trabajo-1-copia-3.jpg 550w, https:\/\/sumatealbosque.com\/wp-content\/uploads\/2022\/07\/voluntarios_Mesa-de-trabajo-1-copia-3-300x300.jpg 300w, https:\/\/sumatealbosque.com\/wp-content\/uploads\/2022\/07\/voluntarios_Mesa-de-trabajo-1-copia-3-150x150.jpg 150w\" sizes=\"auto, (max-width: 550px) 100vw, 550px\" \/><\/a>\n\t\t\t<\/div><\/figure><figure class='gallery-item'>\n\t\t\t<div class='gallery-icon landscape'>\n\t\t\t\t<a data-elementor-open-lightbox=\"yes\" data-elementor-lightbox-slideshow=\"dd4e6db\" data-elementor-lightbox-title=\"Actividad en Parques del R\u00edo, Medell\u00edn\" data-e-action-hash=\"#elementor-action%3Aaction%3Dlightbox%26settings%3DeyJpZCI6Njg2LCJ1cmwiOiJodHRwczpcL1wvc3VtYXRlYWxib3NxdWUuY29tXC93cC1jb250ZW50XC91cGxvYWRzXC8yMDIyXC8wN1wvdm9sdW50YXJpb3NfTWVzYS1kZS10cmFiYWpvLTEtY29waWEuanBnIiwic2xpZGVzaG93IjoiZGQ0ZTZkYiJ9\" href='https:\/\/sumatealbosque.com\/wp-content\/uploads\/2022\/07\/voluntarios_Mesa-de-trabajo-1-copia.jpg'><img loading=\"lazy\" decoding=\"async\" width=\"550\" height=\"550\" src=\"https:\/\/sumatealbosque.com\/wp-content\/uploads\/2022\/07\/voluntarios_Mesa-de-trabajo-1-copia.jpg\" class=\"attachment-full size-full\" alt=\"Voluntarios\" srcset=\"https:\/\/sumatealbosque.com\/wp-content\/uploads\/2022\/07\/voluntarios_Mesa-de-trabajo-1-copia.jpg 550w, https:\/\/sumatealbosque.com\/wp-content\/uploads\/2022\/07\/voluntarios_Mesa-de-trabajo-1-copia-300x300.jpg 300w, https:\/\/sumatealbosque.com\/wp-content\/uploads\/2022\/07\/voluntarios_Mesa-de-trabajo-1-copia-150x150.jpg 150w\" sizes=\"auto, (max-width: 550px) 100vw, 550px\" \/><\/a>\n\t\t\t<\/div><\/figure><figure class='gallery-item'>\n\t\t\t<div class='gallery-icon landscape'>\n\t\t\t\t<a data-elementor-open-lightbox=\"yes\" data-elementor-lightbox-slideshow=\"dd4e6db\" data-elementor-lightbox-title=\"Actividad de inauguraci\u00f3n en Jard\u00edn Bot\u00e1nico de Medell\u00edn\" data-e-action-hash=\"#elementor-action%3Aaction%3Dlightbox%26settings%3DeyJpZCI6Njg3LCJ1cmwiOiJodHRwczpcL1wvc3VtYXRlYWxib3NxdWUuY29tXC93cC1jb250ZW50XC91cGxvYWRzXC8yMDIyXC8wN1wvdm9sdW50YXJpb3NfTWVzYS1kZS10cmFiYWpvLTEuanBnIiwic2xpZGVzaG93IjoiZGQ0ZTZkYiJ9\" href='https:\/\/sumatealbosque.com\/wp-content\/uploads\/2022\/07\/voluntarios_Mesa-de-trabajo-1.jpg'><img loading=\"lazy\" decoding=\"async\" width=\"550\" height=\"550\" src=\"https:\/\/sumatealbosque.com\/wp-content\/uploads\/2022\/07\/voluntarios_Mesa-de-trabajo-1.jpg\" class=\"attachment-full size-full\" alt=\"Voluntarios\" srcset=\"https:\/\/sumatealbosque.com\/wp-content\/uploads\/2022\/07\/voluntarios_Mesa-de-trabajo-1.jpg 550w, https:\/\/sumatealbosque.com\/wp-content\/uploads\/2022\/07\/voluntarios_Mesa-de-trabajo-1-300x300.jpg 300w, https:\/\/sumatealbosque.com\/wp-content\/uploads\/2022\/07\/voluntarios_Mesa-de-trabajo-1-150x150.jpg 150w\" sizes=\"auto, (max-width: 550px) 100vw, 550px\" \/><\/a>\n\t\t\t<\/div><\/figure>\n\t\t<\/div>\n\t\t<\/div>\n\t\t\t\t<\/div>\n\t\t\t\t<\/div>\n\t\t\t\t\t<\/div>\n\t\t<\/div>\n\t\t\t\t\t\t\t<\/div>\n\t\t<\/section>\n\t\t\t\t\t\t\t<\/div>\n\t\t","protected":false},"excerpt":{"rendered":"<p>Checkout My Latest Work El Voluntariado en S\u00famate al Bosque es una experiencia inolvidable que permite intercambiar conocimientos y desarrollar habilidades sociales y ambientales. El Festival ha consolidado un equipo de voluntarios que hacen posible la realizaci\u00f3n de cada de las actividades. \u00a1S\u00famate al bosque y s\u00e9 parque de nuestro equipo! Inscr\u00edbete<\/p>\n","protected":false},"author":2,"featured_media":0,"parent":0,"menu_order":0,"comment_status":"closed","ping_status":"closed","template":"","meta":{"_mi_skip_tracking":false,"_monsterinsights_sitenote_active":false,"_monsterinsights_sitenote_note":"","_monsterinsights_sitenote_category":0,"footnotes":""},"class_list":["post-410","page","type-page","status-publish","hentry"],"yoast_head":"<!-- This site is optimized with the Yoast SEO plugin v21.1 - https:\/\/yoast.com\/wordpress\/plugins\/seo\/ -->\n<title>Voluntariado - S\u00famate al Bosque<\/title>\n<meta name=\"robots\" content=\"index, follow, max-snippet:-1, max-image-preview:large, max-video-preview:-1\" \/>\n<link rel=\"canonical\" href=\"https:\/\/sumatealbosque.com\/?page_id=410\" \/>\n<meta property=\"og:locale\" content=\"es_ES\" \/>\n<meta property=\"og:type\" content=\"article\" \/>\n<meta property=\"og:title\" content=\"Voluntariado - S\u00famate al Bosque\" \/>\n<meta property=\"og:description\" content=\"Checkout My Latest Work El Voluntariado en S\u00famate al Bosque es una experiencia inolvidable que permite intercambiar conocimientos y desarrollar habilidades sociales y ambientales. El Festival ha consolidado un equipo de voluntarios que hacen posible la realizaci\u00f3n de cada de las actividades. \u00a1S\u00famate al bosque y s\u00e9 parque de nuestro equipo! Inscr\u00edbete\" \/>\n<meta property=\"og:url\" content=\"https:\/\/sumatealbosque.com\/?page_id=410\" \/>\n<meta property=\"og:site_name\" content=\"S\u00famate al Bosque\" \/>\n<meta property=\"article:modified_time\" content=\"2022-07-18T21:34:22+00:00\" \/>\n<meta property=\"og:image\" content=\"https:\/\/sumatealbosque.universoaldetalle.com\/wp-content\/uploads\/2022\/07\/voluntarios_Mesa-de-trabajo-1-copia-2.jpg\" \/>\n<meta name=\"twitter:card\" content=\"summary_large_image\" \/>\n<meta name=\"twitter:label1\" content=\"Tiempo estimado de lectura\" \/>\n\t<meta name=\"twitter:data1\" content=\"2 minutos\" \/>\n<script type=\"application\/ld+json\" class=\"yoast-schema-graph\">{\"@context\":\"https:\/\/schema.org\",\"@graph\":[{\"@type\":\"WebPage\",\"@id\":\"https:\/\/sumatealbosque.com\/?page_id=410\",\"url\":\"https:\/\/sumatealbosque.com\/?page_id=410\",\"name\":\"Voluntariado - S\u00famate al Bosque\",\"isPartOf\":{\"@id\":\"https:\/\/sumatealbosque.com\/#website\"},\"datePublished\":\"2022-07-14T00:53:43+00:00\",\"dateModified\":\"2022-07-18T21:34:22+00:00\",\"breadcrumb\":{\"@id\":\"https:\/\/sumatealbosque.com\/?page_id=410#breadcrumb\"},\"inLanguage\":\"es-CO\",\"potentialAction\":[{\"@type\":\"ReadAction\",\"target\":[\"https:\/\/sumatealbosque.com\/?page_id=410\"]}]},{\"@type\":\"BreadcrumbList\",\"@id\":\"https:\/\/sumatealbosque.com\/?page_id=410#breadcrumb\",\"itemListElement\":[{\"@type\":\"ListItem\",\"position\":1,\"name\":\"Inicio\",\"item\":\"https:\/\/sumatealbosque.com\/\"},{\"@type\":\"ListItem\",\"position\":2,\"name\":\"Voluntariado\"}]},{\"@type\":\"WebSite\",\"@id\":\"https:\/\/sumatealbosque.com\/#website\",\"url\":\"https:\/\/sumatealbosque.com\/\",\"name\":\"S\u00famate al Bosque\",\"description\":\"Festival de la biodiversidad\",\"publisher\":{\"@id\":\"https:\/\/sumatealbosque.com\/#organization\"},\"potentialAction\":[{\"@type\":\"SearchAction\",\"target\":{\"@type\":\"EntryPoint\",\"urlTemplate\":\"https:\/\/sumatealbosque.com\/?s={search_term_string}\"},\"query-input\":\"required name=search_term_string\"}],\"inLanguage\":\"es-CO\"},{\"@type\":\"Organization\",\"@id\":\"https:\/\/sumatealbosque.com\/#organization\",\"name\":\"S\u00famate al Bosque\",\"url\":\"https:\/\/sumatealbosque.com\/\",\"logo\":{\"@type\":\"ImageObject\",\"inLanguage\":\"es-CO\",\"@id\":\"https:\/\/sumatealbosque.com\/#\/schema\/logo\/image\/\",\"url\":\"https:\/\/sumatealbosque.com\/wp-content\/uploads\/2020\/06\/Logo_Sumate_2022_web_Mesa-de-trabajo-1.png\",\"contentUrl\":\"https:\/\/sumatealbosque.com\/wp-content\/uploads\/2020\/06\/Logo_Sumate_2022_web_Mesa-de-trabajo-1.png\",\"width\":521,\"height\":359,\"caption\":\"S\u00famate al Bosque\"},\"image\":{\"@id\":\"https:\/\/sumatealbosque.com\/#\/schema\/logo\/image\/\"}}]}<\/script>\n<!-- \/ Yoast SEO plugin. -->","yoast_head_json":{"title":"Voluntariado - S\u00famate al Bosque","robots":{"index":"index","follow":"follow","max-snippet":"max-snippet:-1","max-image-preview":"max-image-preview:large","max-video-preview":"max-video-preview:-1"},"canonical":"https:\/\/sumatealbosque.com\/?page_id=410","og_locale":"es_ES","og_type":"article","og_title":"Voluntariado - S\u00famate al Bosque","og_description":"Checkout My Latest Work El Voluntariado en S\u00famate al Bosque es una experiencia inolvidable que permite intercambiar conocimientos y desarrollar habilidades sociales y ambientales. El Festival ha consolidado un equipo de voluntarios que hacen posible la realizaci\u00f3n de cada de las actividades. \u00a1S\u00famate al bosque y s\u00e9 parque de nuestro equipo! Inscr\u00edbete","og_url":"https:\/\/sumatealbosque.com\/?page_id=410","og_site_name":"S\u00famate al Bosque","article_modified_time":"2022-07-18T21:34:22+00:00","og_image":[{"url":"https:\/\/sumatealbosque.universoaldetalle.com\/wp-content\/uploads\/2022\/07\/voluntarios_Mesa-de-trabajo-1-copia-2.jpg"}],"twitter_card":"summary_large_image","twitter_misc":{"Tiempo estimado de lectura":"2 minutos"},"schema":{"@context":"https:\/\/schema.org","@graph":[{"@type":"WebPage","@id":"https:\/\/sumatealbosque.com\/?page_id=410","url":"https:\/\/sumatealbosque.com\/?page_id=410","name":"Voluntariado - S\u00famate al Bosque","isPartOf":{"@id":"https:\/\/sumatealbosque.com\/#website"},"datePublished":"2022-07-14T00:53:43+00:00","dateModified":"2022-07-18T21:34:22+00:00","breadcrumb":{"@id":"https:\/\/sumatealbosque.com\/?page_id=410#breadcrumb"},"inLanguage":"es-CO","potentialAction":[{"@type":"ReadAction","target":["https:\/\/sumatealbosque.com\/?page_id=410"]}]},{"@type":"BreadcrumbList","@id":"https:\/\/sumatealbosque.com\/?page_id=410#breadcrumb","itemListElement":[{"@type":"ListItem","position":1,"name":"Inicio","item":"https:\/\/sumatealbosque.com\/"},{"@type":"ListItem","position":2,"name":"Voluntariado"}]},{"@type":"WebSite","@id":"https:\/\/sumatealbosque.com\/#website","url":"https:\/\/sumatealbosque.com\/","name":"S\u00famate al Bosque","description":"Festival de la biodiversidad","publisher":{"@id":"https:\/\/sumatealbosque.com\/#organization"},"potentialAction":[{"@type":"SearchAction","target":{"@type":"EntryPoint","urlTemplate":"https:\/\/sumatealbosque.com\/?s={search_term_string}"},"query-input":"required name=search_term_string"}],"inLanguage":"es-CO"},{"@type":"Organization","@id":"https:\/\/sumatealbosque.com\/#organization","name":"S\u00famate al Bosque","url":"https:\/\/sumatealbosque.com\/","logo":{"@type":"ImageObject","inLanguage":"es-CO","@id":"https:\/\/sumatealbosque.com\/#\/schema\/logo\/image\/","url":"https:\/\/sumatealbosque.com\/wp-content\/uploads\/2020\/06\/Logo_Sumate_2022_web_Mesa-de-trabajo-1.png","contentUrl":"https:\/\/sumatealbosque.com\/wp-content\/uploads\/2020\/06\/Logo_Sumate_2022_web_Mesa-de-trabajo-1.png","width":521,"height":359,"caption":"S\u00famate al Bosque"},"image":{"@id":"https:\/\/sumatealbosque.com\/#\/schema\/logo\/image\/"}}]}},"_links":{"self":[{"href":"https:\/\/sumatealbosque.com\/index.php?rest_route=\/wp\/v2\/pages\/410","targetHints":{"allow":["GET"]}}],"collection":[{"href":"https:\/\/sumatealbosque.com\/index.php?rest_route=\/wp\/v2\/pages"}],"about":[{"href":"https:\/\/sumatealbosque.com\/index.php?rest_route=\/wp\/v2\/types\/page"}],"author":[{"embeddable":true,"href":"https:\/\/sumatealbosque.com\/index.php?rest_route=\/wp\/v2\/users\/2"}],"replies":[{"embeddable":true,"href":"https:\/\/sumatealbosque.com\/index.php?rest_route=%2Fwp%2Fv2%2Fcomments&post=410"}],"version-history":[{"count":16,"href":"https:\/\/sumatealbosque.com\/index.php?rest_route=\/wp\/v2\/pages\/410\/revisions"}],"predecessor-version":[{"id":996,"href":"https:\/\/sumatealbosque.com\/index.php?rest_route=\/wp\/v2\/pages\/410\/revisions\/996"}],"wp:attachment":[{"href":"https:\/\/sumatealbosque.com\/index.php?rest_route=%2Fwp%2Fv2%2Fmedia&parent=410"}],"curies":[{"name":"wp","href":"https:\/\/api.w.org\/{rel}","templated":true}]}}